{"id":104,"date":"2019-01-08T16:14:31","date_gmt":"2019-01-08T16:14:31","guid":{"rendered":"https:\/\/filetime.at\/bellissimakosmetik\/?page_id=104"},"modified":"2026-02-02T13:23:50","modified_gmt":"2026-02-02T13:23:50","slug":"impressum","status":"publish","type":"page","link":"https:\/\/www.bellissimakosmetik.de\/index.php\/impressum\/","title":{"rendered":"Impressum"},"content":{"rendered":"\n<p class=\"p1\"><span class=\"s1\"><strong>1. Dienstanbieter<\/strong><br> Diese Webseite wird von dem Einzelunternehmen Bellissima Kosmetikinstitut in Scheffelstrasse 30, 68766 Hockenheim, Deutschland betrieben. Das Einzelunternehmen wird durch die alleinige Inhaberin Sonja Riedel vertreten.<\/span><\/p>\n<p>Bellissima-Kosmetik <br>Inh. Sonja Riedel <br>Scheffelstrasse 30 <br>68766 Hockenheim<\/p>\n<p class=\"p1\"><span class=\"s1\">Telefon: +49 (0)6205 281628 <br> \n <br> \n\n\nInternetseiten: <br> bellissimakosmetik.de<\/span><\/p>\n<p class=\"p2\"><span class=\"s1\">Umsatzsteueridentifikationsnummer: DE254024551<br> FA Schwetzingen <br> <br> \n\n<strong>2. Konzept und Design<\/strong> <br> FileTime Web-Design<br> <a href=\"https:\/\/filetime.at\" target=\"_blank\" rel=\"noopener noreferrer\">filetime.at<\/a><br> <br> <strong>3. Urheberrechts Informationen<\/strong><br> Layout und Gestaltung dieser Website insgesamt sowie ihre einzelnen Elemente sind durch den jeweiligen Urheber urheberrechtlich gesch\u00fctzt. Gleiches gilt f\u00fcr redaktionelle Beitr\u00e4ge im einzelnen sowie ihre Auswahl und Zusammenstellung. Alle auf dieser Webseite erw\u00e4hnten und gezeigten Kosmetik-Marken sind eingetragene Schutzmarken von <a href=\"http:\/\/www.gertraud-gruber.de\/\"><span class=\"s2\">Gertraut Gruber Kosmetik<\/span><\/a>. Die Weiterverwendung und Vervielf\u00e4ltigung dieser Website und \/ oder Schutzmarken insgesamt oder einzelner Elemente ist nicht gestattet. Eine \u00f6ffentliche oder gewerbliche bzw. kommerzielle Verwendung darf nur mit Zustimmung vom Dienstanbieter und dem jeweiligen Urheber erfolgen. Ver\u00e4nderungen d\u00fcrfen daran nicht vorgenommen werden. Die Websites enthalten Links zu anderen Websites. Der Dienstanbieter lehnt f\u00fcr den Inhalt dieser Websites jegliche Haftung ab. <br> <br><strong>4. Nutzungsbedingungen<\/strong><br> Die Benutzung dieser Website erfolgt ausschlie\u00dflich zu den nachstehenden Benutzungsbedingungen.<br> Das Durchbl\u00e4ttern und Benutzen der Website erfolgt auf eigene Gefahr. Obgleich sich der Dienstanbieter nach besten Kr\u00e4ften darum bem\u00fcht, dass die Informationen auf dieser Website zutreffend und auf dem aktuellen Stand sind, handelt es sich nur um ein unverbindliches Informationsangebot. Der Dienstanbieter \u00fcbernimmt keinerlei Gew\u00e4hr oder Zusicherung f\u00fcr die Richtigkeit der bereit gestellten Informationen. Ebenso wenig \u00fcbernimmt der Dienstanbieter Gew\u00e4hr daf\u00fcr, dass die Informationen auf dieser Seite vollst\u00e4ndig und fehlerfrei sind. Der Dienstanbieter beh\u00e4lt sich vor, die bereitgestellten Informationen zu jeder Zeit ohne Angabe von Gr\u00fcnden und ohne Ank\u00fcndigung zu \u00e4ndern.<br> <br> Der Dienstanbieter stellt diese Website nicht zur Verf\u00fcgung, um von den Benutzern der Website vertrauliche oder gesch\u00fctzte Informationen zu erhalten. Der Dienstanbieter behandelt daher s\u00e4mtliche Informationen, die Sie per E-Mail oder auf sonstige Weise an diese Website \u00fcbermitteln, als nicht vertraulich und nicht urheber- und eigentumsrechtlich gesch\u00fctzt. Der Dienstanbieter \u00fcbernimmt keinerlei Verantwortung f\u00fcr die \u00dcbertragungen. Mit der \u00dcbertragung r\u00e4umen Sie dem Dienstanbieter und ihren Beauftragten das Recht ein, die \u00dcbertragungen und alle darin enthaltenen Daten, Bilder, Grafiken, Kl\u00e4nge, Texte und sonstigen Inhalte zu jeglichen kommerziellen und nichtkommerziellen Zwecken zu vervielf\u00e4ltigen, offen zulegen, zu verteilen, aufzunehmen und anderweitig zu nutzen. Es ist untersagt, bedrohende, beleidigende, verleumderische, diffamierende, obsz\u00f6ne, pornografische, sitten- oder rechtswidrige Inhalte auf diese Website zu \u00fcbermitteln bzw. von dieser Website aus zu verbreiten.<br> <br> Der Dienstanbieter beh\u00e4lt sich das Recht vor, ist jedoch in keiner Weise verpflichtet, beliebige Bereiche der Website, auf die Benutzer Informationen \u00fcbertragen bzw. in denen sie miteinander kommunizieren (z. B. Chat Rooms, Bulletin Boards oder andere Benutzerforen) inhaltlich oder auf sonstige Weise zu kontrollieren. Der Dienstanbieter \u00fcbernimmt keinerlei Haftung f\u00fcr den Inhalt solcher \u00dcbertragungen, gleich aus welchem Rechtsgrund. Der Dienstanbieter beh\u00e4lt sich das Recht vor, \u00dcbertragungen jederzeit ganz oder teilweise zu entfernen. In Benutzerforen, Chat Rooms oder Bulletin Boards ge\u00e4u\u00dferte Meinungen und Ansichten m\u00fcssen nicht notwendigerweise die Meinung und Ansicht des Dienstanbieters wiedergeben.<br> <br> Auf dieser Website enthaltene Verkn\u00fcpfungen mit Websites anderer Unternehmen oder Privatpersonen werden lediglich gef\u00e4lligkeitshalber f\u00fcr den Benutzer bereitgestellt. Wenn Sie eine solche Verkn\u00fcpfung benutzen, verlassen Sie die Website vom Dienstanbieter. Der Dienstanbieter hat nicht alle diese Websites anderer Unternehmen oder Privatpersonen \u00fcberpr\u00fcft und hat keinen Einfluss darauf und \u00fcbernimmt keine Verantwortung f\u00fcr diese Websites und deren Inhalt. Aus diesem Grund macht der Dienstanbieter keinerlei Aussagen \u00fcber diese Websites und die darin enthaltenen Informationen, Produkte oder sonstigen Inhalte. Der Zugriff auf die Website anderer Unternehmen oder Privatpersonen erfolgt, auch wenn er \u00fcber eine Verkn\u00fcpfung von der Website vom Dienstanbieter aus erfolgt, auf die alleinige Verantwortung des Benutzers. Der Dienstanbieter kann die vorliegenden Bedingungen jederzeit aktualisieren oder \u00e4ndern. Sie sollten diese Seite daher gelegentlich besuchen, um sich \u00fcber die aktuell geltenden Bedingungen zu informieren, da sie in ihrer jeweils g\u00fcltigen Fassung bindend sind. Sollten in dieser Website speziellere Regelungen f\u00fcr einzelne Seiten enthalten sein, gehen diese den Klauseln dieser Nutzungsbedingungen vor.<br> <br><strong>5. Datenschutzhinweise<\/strong><br>Lesen Sie hier unsere <a title=\"Datenschutzhinweise\" href=\"\/index.php\/privacy-policy\/\" target=\"_blank\" rel=\"noopener noreferrer\">Datenschutzerkl\u00e4rung<\/a>.<br> <br><strong>6. GOOGLE ANALYTICS<\/strong><br> Google Analytics wird nicht eingesetzt.<\/span><\/p>\n<p class=\"p2\"><span class=\"s1\"><strong>7. BILDERNACHWEIS<\/strong><br> Daniela Schleicher<br> <a href=\"https:\/\/www.daniela-schleicher.de\/\" target=\"_blank\" rel=\"noopener noreferrer\">www.daniela-schleicher.de<\/a><\/span><\/p>\n","protected":false},"excerpt":{"rendered":"<p>1. Dienstanbieter Diese Webseite wird von dem Einzelunternehmen Bellissima Kosmetikinstitut in Scheffelstrasse 30, 68766 Hockenheim, Deutschland betrieben. Das Einzelunternehmen wird durch die alleinige Inhaberin Sonja Riedel vertreten. Bellissima-Kosmetik Inh. Sonja &#8230;<\/p>\n","protected":false},"author":1,"featured_media":0,"parent":0,"menu_order":0,"comment_status":"closed","ping_status":"closed","template":"","meta":{"footnotes":""},"class_list":["post-104","page","type-page","status-publish","hentry"],"_links":{"self":[{"href":"https:\/\/www.bellissimakosmetik.de\/index.php\/wp-json\/wp\/v2\/pages\/104","targetHints":{"allow":["GET"]}}],"collection":[{"href":"https:\/\/www.bellissimakosmetik.de\/index.php\/wp-json\/wp\/v2\/pages"}],"about":[{"href":"https:\/\/www.bellissimakosmetik.de\/index.php\/wp-json\/wp\/v2\/types\/page"}],"author":[{"embeddable":true,"href":"https:\/\/www.bellissimakosmetik.de\/index.php\/wp-json\/wp\/v2\/users\/1"}],"replies":[{"embeddable":true,"href":"https:\/\/www.bellissimakosmetik.de\/index.php\/wp-json\/wp\/v2\/comments?post=104"}],"version-history":[{"count":20,"href":"https:\/\/www.bellissimakosmetik.de\/index.php\/wp-json\/wp\/v2\/pages\/104\/revisions"}],"predecessor-version":[{"id":1252,"href":"https:\/\/www.bellissimakosmetik.de\/index.php\/wp-json\/wp\/v2\/pages\/104\/revisions\/1252"}],"wp:attachment":[{"href":"https:\/\/www.bellissimakosmetik.de\/index.php\/wp-json\/wp\/v2\/media?parent=104"}],"curies":[{"name":"wp","href":"https:\/\/api.w.org\/{rel}","templated":true}]}}