{"id":12,"date":"2019-01-07T14:49:46","date_gmt":"2019-01-07T14:49:46","guid":{"rendered":"https:\/\/filetime.at\/bellissimakosmetik\/?page_id=12"},"modified":"2025-06-30T07:36:22","modified_gmt":"2025-06-30T07:36:22","slug":"preise","status":"publish","type":"page","link":"https:\/\/www.bellissimakosmetik.de\/index.php\/preise\/","title":{"rendered":"Preise"},"content":{"rendered":"\n<div id=\"preise\">\n<h3>Gesichtsbehandlungen<\/h3><div>\n<table class=\"wp-block-table\">\n<tbody>\n<tr>\n<td>\n<strong>Kosmetikbehandlung \u00bbklassisch\u00ab<\/strong>\n<p>Reinigung, Peeling, Vapozone, Tiefenreinigung, Gesichtspackung, Massage, Abschlusspflege, auf Wunsch kleines Tages-Make-Up<\/p>\n<\/td>\n<td>89,00 \u20ac<\/td><\/tr>\n<tr>\n<td>\n<strong>Kosmetikbehandlung \u00bbClear Skin\u00ab<\/strong>\n<p>\nReinigung, Peeling, Vapozone, Tiefenreinigung, Gesichtspackung, Abschlusspflege \n<\/p>\n<\/td>\n<td>85,00 \u20ac<\/td><\/tr>\n<tr>\n<td>\n<strong>Kosmetikbehandlung \u00bbChi Balance\u00ab<\/strong>\n<p>\nDruckpunktmassage, Ganzk\u00f6rperb\u00fcrstenmassage mit anschlie\u00dfendem auftragen eines \u00d6ls, Reinigung, Ampulle, Massage energetisches Lifting nach Gertraud Gruber, Gesichtspackung, Abschlusspflege\n<\/p>\n<\/td>\n<td>110,00 \u20ac<\/td><\/tr>\n<tr>\n<td>\n<strong>Kosmetikbehandlung \u00bbHydro Wellness\u00ab<\/strong>\n<p>\nReinigung, einmassieren des speziellen Hydro Wellness Vlies, Nackenmassage, Packung, Abschlusspflege (Algenwirkstoffe f\u00fcr eine pralle Haut)\n<\/p>\n<\/td>\n<td>98,00 \u20ac<\/td><\/tr>\n<tr>\n\n<tr>\n<td>\n<strong>Kosmetikbehandlung \u00bbFirming Treatment\u00ab<\/strong>\n<p>\n<img decoding=\"async\" src=\"\/wp-content\/uploads\/2022\/10\/new-icon-e1664887639810.png\" class=\"icon-new\">Peptid-Vlies-Gesichtsmaske mit zwei verschiedenen Massagetechniken (Klopfmassage und Rosenquarzroller) f\u00fcr strahlende und gefestigte Haut\n<\/p>\n<\/td>\n<td>120,00 \u20ac<\/td><\/tr>\n<tr>\n\n\n<td colspan=\"2\" class=\"no-border\">\n<strong>Gesichtsbehandlungen f\u00fcr Eilige<\/strong>\n<\/td>\n<\/tr>\n<tr>\n<td>\n<strong>Kosmetikbehandlung \u00bbHautputz\u00ab<\/strong>\n<p>\nReinigung, Vapozone, Tiefenreinigung, Abschlusspflege\n<\/p>\n<\/td>\n<td>45,00 \u20ac<\/td>\n<\/tr>\n<tr>\n<td>\n<strong>Kosmetikbehandlung \u00bbTraumzeit\u00ab<\/strong>\n<p>\nReinigung, Peeling, Bio Release Kopfmassage nach Gertraud Gruber, Abschlusspflege\n<\/p>\n<\/td>\n<td>45,00 \u20ac<\/td>\n<\/tr>\n<tr>\n<td>\n<strong>Kosmetikbehandlung \u00bbAfter Work\u00ab<\/strong>\n<p>\nReinigung, Ampulle, Massage, Abschlusspflege, ein Glas Sekt oder eine Tasse Gruber Sch\u00f6nheitsfarm-Tee\n<\/p>\n<\/td>\n<td>45,00 \u20ac<\/td>\n<\/tr>\n<\/tbody><\/table>\n<\/div>\n<h3>Best-ager Behandlungen<\/h3><div>\n<table class=\"wp-block-table\">\n<tbody>\n<tr>\n<td>\n<a href=\"\/index.php\/microneedling\/\">\n<strong>Microneedling<\/strong>\n<\/a>\n<\/td><td>80,00 \u20ac<\/td><\/tr>\n<tr>\n<td>\n<a href=\"\/index.php\/microdermabrasion\/\">\n<strong>Microdermabrasion<\/strong>\n<\/a>\n<\/td>\n<td>90,00 \u20ac<\/td><\/tr>\n\n\n<tr>\n<td>\n<a href=\"\/index.php\/anti-aging-behandlungen\/anti-aging-kleanthous-behandlungen\/\">\n<strong>Kleanthous sono beauty lifting \u2013 Regenerationsbehandlung (als Kur 6 Anwendungen empfohlen)<\/strong>\n<\/a>\n<\/td>\n<td>280,00 \u20ac<\/td><\/tr>\n<tr>\n<\/tr>\n\n<tr>\n<td>\n<a href=\"\/index.php\/anti-aging-behandlungen\/anti-aging-kleanthous-behandlungen\/\">\n<strong>Kleanthous sono solution \u2013 Behandlung zur Verbesserung der Hautstruktur, Steigerung der Collagen- und Elastinproduktion<\/strong>\n<\/a>\n<\/td>\n<td>120,00 \u20ac<\/td><\/tr>\n<tr>\n\n<tr>\n<td>\n<strong>\n\n<a href=\"\/index.php\/anti-aging-behandlungen\/cellular-system-behandlung\/\">\n<img decoding=\"async\" src=\"\/wp-content\/uploads\/2022\/10\/new-icon-e1664887639810.png\" class=\"icon-new\">Kleanthous Cellular System Behandlung \u2013 Hautverj\u00fcngung, durch die Optimierung der zelleigenen Korrekturmechanismen<\/strong>\n<\/a>\n\n<\/td>\n<td>380,00 \u20ac<\/td><\/tr>\n<tr>\n\n<tr>\n<td>\n<strong>\n\n<a href=\"\/index.php\/anti-aging-behandlungen\/anti-aging-kleanthous-behandlungen\/#Skin-Sensation\">\n<img decoding=\"async\" src=\"\/wp-content\/uploads\/2022\/10\/new-icon-e1664887639810.png\" class=\"icon-new\">Kleanthous Skin Sensation Behandlung \u2013 Detox, Whitening und Zellregeneration<\/strong>\n<\/a>\n\n<\/td>\n<td>120,00 \u20ac<\/td><\/tr>\n<tr>\n\n\n<\/tr><\/tbody><\/table>\n<\/div>\n<h3>Wellnessbehandlungen<\/h3><div>\n<table class=\"wp-block-table\">\n<tbody>\n<tr>\n<td><strong>Ayurasan Kopf<\/strong>\n<p>Gesichts- und Kopfmassage nach ayurvedischen Richtlinien<\/p><\/td>\n<td>70,00 \u20ac<\/td>\n<\/tr>\n<tr>\n<td><strong>Ayurasan Fu\u00df<\/strong>\n<p>Fu\u00df und Unterschenkelmassage nach ayurvedischen Richtlinien<\/p><\/td>\n<td>35,00 \u20ac<\/td>\n<\/tr>\n<tr>\n<td><strong>R\u00fcckenmassage (30 min.) mit warmen \u00d6l, Peeling<\/strong><\/td>\n<td>35,00 \u20ac<\/td>\n<\/tr>\n<\/tbody><\/table>\n<\/div>\n\n<h3>Extras<\/h3><div>\n<table class=\"wp-block-table\">\n<tbody>\n\n<tr>\n<td colspan=\"2\" class=\"no-border\"><strong>Zubuchbar zu jeder Behandlung<\/strong><\/td>\n<\/tr>\n<tr>\n<td>Wimpern f\u00e4rben<\/td>\n<td>12,00 \u20ac<\/td>\n<\/tr>\n\n<tr>\n<td>Brauen f\u00e4rben<\/td>\n<td>10,00 \u20ac<\/td>\n<\/tr>\n\n\n\n\n<tr>\n<td>Depilation Oberlippe\/Kinn <\/td>\n<td>je 10,00 \u20ac<\/td>\n<\/tr>\n\n<tr>\n<td>Einschleusen Ampulle oder c.s.m. Serum von Kleanthous<\/td>\n<td>30,00 \u20ac<\/td>\n<\/tr>\n\n<tr>\n<td>Hand-Armmassage<\/td>\n<td>20,00 \u20ac<\/td>\n<\/tr>\n<tr>\n<td>Ayurvedische Fu\u00dfmassage<\/td>\n<td>30,00 \u20ac<\/td>\n<\/tr>\n<tr>\n<td>Exquisit Augenbehandlung nach Gruber<\/td>\n<td>7,00 \u20ac<\/td>\n<\/tr>\n\n\n\n<tr>\n<td>Cellulosevlies<\/td>\n<td>35,00 \u20ac<\/td>\n<\/tr>\n<tr>\n<td>Hauttest mit Hautanalyseger\u00e4t<\/td>\n<td>20,00 \u20ac<\/td>\n<\/tr>\n\n\n<tr>\n<td>Couperosbehandlung<\/td>\n<td>20,00 \u20ac<\/td>\n<\/tr>\n\n<tr>\n<td colspan=\"2\" class=\"no-border\"><strong>Au\u00dferhalb von Behandlungen<\/strong><\/td>\n<\/tr>\n<tr>\n<td>Wimpern f\u00e4rben<\/td><td>17,00 \u20ac<\/td>\n<\/tr>\n<tr>\n<td>Brauen f\u00e4rben<\/td><td>15,00 \u20ac<\/td>\n<\/tr>\n<tr>\n<td>Brauen zupfen<\/td><td>10,00 \u20ac<\/td>\n<\/tr>\n<tr>\n<td>Kombi-Angebot Wimpern und Brauen f\u00e4rben mit zupfen<\/td><td>30,00 \u20ac<\/td>\n<\/tr>\n<tr>\n<td>Depilation Oberlippe\/Kinn<\/td><td>je 12,00 \u20ac<\/td>\n<\/tr>\n\n\n<\/tbody><\/table>\n<\/div>\n\n\n\n\n<h3>Profi-Make-Up<\/h3><div>\n<table class=\"wp-block-table\">\n<tbody>\n<tr>\n<td>Tages-Make-Up<\/td>\n<td>43,00 \u20ac<\/td><\/tr>\n<tr>\n<td>Abend-Make-Up<\/td>\n<td>60,00 \u20ac<\/td><\/tr>\n<tr>\n<td>Make-Up Einzeltraining oder Workshops in kleineren Gruppen<\/td>\n<td>Auf Anfrage<\/td>\n<\/tr>\n<\/tbody><\/table>\n<\/div>\n<h3>Gepflegte H\u00e4nde<\/h3><div>\n<table class=\"wp-block-table\">\n<tbody>\n<tr>\n<td>Manik\u00fcre ohne Lack<\/td><td>35,00 \u20ac<\/td>\n<\/tr>\n<tr>\n<td>Manik\u00fcre mit Lack<\/td><td>40,00 \u20ac<\/td>\n<\/tr>\n<tr>\n<td>Manik\u00fcre mit Shellac<\/td><td>45,00 \u20ac<\/td>\n<\/tr>\n<\/tbody><\/table>\n<\/div>\n<h3>Depilationen<\/h3><div>\n<table class=\"wp-block-table\">\n<tbody>\n<tr>\n<td>Depilationen Unterschenkel<\/td><td>25,00 \u20ac<\/td>\n<\/tr>\n<tr>\n<td>Depilationen Oberschenkel<\/td><td>25,00 \u20ac<\/td>\n<\/tr>\n<tr>\n<td>Depilationen R\u00fccken<\/td><td>30,00 bis 40,00 \u20ac<\/td>\n<\/tr>\n<tr>\n<td>Depilationen Bikinizone<\/td><td>25,00 \u20ac<\/td>\n<\/tr>\n<tr>\n<td>Depilationen Achseln<\/td><td>20,00 \u20ac<\/td>\n<\/tr>\n<tr>\n<\/tr><\/tbody><\/table>\n<\/div>\n<\/div>\r\n\t\t<script>\r\n\t\t\tjQuery(function() {\r\n\t\t\t\tvar icons = {\r\n\t\t\t\t\theader: \"ui-icon-plusthick\",\r\n\t\t\t\t\tactiveHeader: \"ui-icon-minusthick\"\r\n\t\t\t\t};\r\n\t\t\t\tjQuery( \"#preise\" ).accordion({\r\n\t\t\t\t\tcollapsible: true,\r\n\t\t\t\t\tactive: 10,\r\n\t\t\t\t\theightStyle: \"content\",\r\n\t\t\t\t\tevent: \"click\",\r\n\t\t\t\t\ticons: icons,\r\n\t\t\t\t});\r\n\t\t\t});\r\n\t\t<\/script>\n<p>Alle Preise sind inklusive 19 % MwSt.<\/p>\n<p>\nAyurvedische Ganzk\u00f6rpermassagen und Wellnessmassagen auf Anfrage\n<\/p>\n\n\n\n<p><\/p>\n","protected":false},"excerpt":{"rendered":"<p>Alle Preise sind inklusive 19 % MwSt. Ayurvedische Ganzk\u00f6rpermassagen und Wellnessmassagen auf Anfrage<\/p>\n","protected":false},"author":1,"featured_media":0,"parent":0,"menu_order":0,"comment_status":"closed","ping_status":"closed","template":"","meta":{"footnotes":""},"class_list":["post-12","page","type-page","status-publish","hentry"],"_links":{"self":[{"href":"https:\/\/www.bellissimakosmetik.de\/index.php\/wp-json\/wp\/v2\/pages\/12","targetHints":{"allow":["GET"]}}],"collection":[{"href":"https:\/\/www.bellissimakosmetik.de\/index.php\/wp-json\/wp\/v2\/pages"}],"about":[{"href":"https:\/\/www.bellissimakosmetik.de\/index.php\/wp-json\/wp\/v2\/types\/page"}],"author":[{"embeddable":true,"href":"https:\/\/www.bellissimakosmetik.de\/index.php\/wp-json\/wp\/v2\/users\/1"}],"replies":[{"embeddable":true,"href":"https:\/\/www.bellissimakosmetik.de\/index.php\/wp-json\/wp\/v2\/comments?post=12"}],"version-history":[{"count":144,"href":"https:\/\/www.bellissimakosmetik.de\/index.php\/wp-json\/wp\/v2\/pages\/12\/revisions"}],"predecessor-version":[{"id":1163,"href":"https:\/\/www.bellissimakosmetik.de\/index.php\/wp-json\/wp\/v2\/pages\/12\/revisions\/1163"}],"wp:attachment":[{"href":"https:\/\/www.bellissimakosmetik.de\/index.php\/wp-json\/wp\/v2\/media?parent=12"}],"curies":[{"name":"wp","href":"https:\/\/api.w.org\/{rel}","templated":true}]}}