{"id":918,"date":"2024-01-09T10:16:35","date_gmt":"2024-01-09T10:16:35","guid":{"rendered":"https:\/\/www.bellissimakosmetik.de\/?page_id=918"},"modified":"2025-06-30T08:18:14","modified_gmt":"2025-06-30T08:18:14","slug":"cellular-system-behandlung","status":"publish","type":"page","link":"https:\/\/www.bellissimakosmetik.de\/index.php\/anti-aging-behandlungen\/cellular-system-behandlung\/","title":{"rendered":"Kleanthous Cellular System Behandlung"},"content":{"rendered":"\n<p>Am Anfang dieser Behandlung wird eine umfangreiche <a href=\"https:\/\/de.wikipedia.org\/wiki\/Anamnese\" target=\"_blank\" rel=\"noreferrer noopener\">Anamnese<\/a> des pers\u00f6nlichen Lebensstil erstellt. Aus den hieraus gewonnenen Profil, wird f\u00fcr jede Kundin ein pers\u00f6nliches Pflegeserum mit einer angepassten Wirkstoffkombination zusammengestellt. <\/p>\n\n\n\n<p>Diese Behandlung hat das Ziel, einer biologischen Hautverj\u00fcngung, durch die Optimierung der zelleigenen Korrekturmechanismen herbeizuf\u00fchren.&nbsp;Eine Behandlung umfasst dabei:<\/p>\n\n\n\n<ul class=\"wp-block-list\">\n<li>Eine Reinigung<\/li>\n\n\n\n<li>Ein Peeling und eine Reinigungsmaske \u2013 ents\u00e4uernd und entschlackend<\/li>\n\n\n\n<li>\u00bbMY SERUM\u00ab mischen (wird zuhause&nbsp;die n\u00e4chsten 4 Wochen aufgebraucht)<\/li>\n\n\n\n<li>Tonisieren mit speziellem Liquid<\/li>\n\n\n\n<li>\u00bbMY SERUM\u00ab auftragen<\/li>\n\n\n\n<li>Sonoresonanz und Farblicht<\/li>\n\n\n\n<li>Tonisieren<\/li>\n\n\n\n<li>Eine Maske<\/li>\n\n\n\n<li>Eine Massage<\/li>\n<\/ul>\n\n\n\n<p>Die Cellular System Behandlung kostet 380,00 \u20ac (Das pers\u00f6nliche Serum, welches zur Behandlung angemischt wird, darf hinterher mit nach Hause genommen werden).<\/p>\n\n\n\n<p>Die folgenden Beispiele zeigen Erfolge, die mit diesen Behandlungen bereits erzielt werden konnten. (Kein Photoshop)<\/p>\n\n\n\n<h4 class=\"wp-block-heading\">Hals<\/h4>\n\n\n\n\t\t\t\n\t<style type=\"text\/css\">\n\t\t.slider-info-955.bafg-slider-info .bafg-slider-title {\n\t\t\t\t\t\t\tfont-size:\n\t\t\t\t\t22px\t\t\t\t;\n\t\t\t\n\t\t\t\n\t\t\t\t\t}\n\n\t\t.slider-info-955.bafg-slider-info .bafg-slider-description {\n\t\t\t\n\t\t\t\n\t\t\t\t\t}\n\t\t\n\t\t\n\t\t.slider-info-955.bafg-slider-info .bafg_slider_readmore_button {\n\t\t\t\n\t\t\t\n\t\t\t\n\t\t\t\n\t\t\t\n\t\t\ttext-align: center;\n\n\t\t\t\n\t\t\t\n\t\t\t\n\t\t\t\n\t\t\t\t\t}\n\n\t\t.slider-info-955.bafg-slider-info .bafg_slider_readmore_button:hover {\n\n\t\t\t\n\t\t\t\n\t\t\t\t\t}\n\t<\/style>\n\t\n\t\t\t<div class=\"bafg-twentytwenty-container slider-955  \"\n\t\t\t\tbafg-orientation=\"vertical\" bafg-default-offset=\"0.5\"\n\t\t\t\tbafg-before-label=\"Vorher\"\n\t\t\t\tbafg-after-label=\"Nachher\" bafg-overlay=\"1\"\n\t\t\t\tbafg-move-slider-on-hover=\"\"\n\t\t\t\tbafg-click-to-move=\"\">\n\n\t\t\t\t\t\t\t\t<img class=\"skip-lazy\" data-skip-lazy\t\t\t\t\tsrc=\"https:\/\/www.bellissimakosmetik.de\/wp-content\/uploads\/2024\/01\/hals-vorher.jpg\" alt=\"Vorher\">\n\t\t\t\t<img class=\"skip-lazy\" data-skip-lazy\t\t\t\t\tsrc=\"https:\/\/www.bellissimakosmetik.de\/wp-content\/uploads\/2024\/01\/hals-nacher.jpg\" alt=\"Nachher\">\n\n\t\t\t<\/div>\n\n\t\t\t\t<div class=\"bafg-slider-info-wraper\">\n\t\t<div style=\"\" class=\"slider-info-955 bafg-slider-info\">\n\t\t\t\t\t\t\t<div class=\"bafg-slider-description\">\n\t\t\t\t\tBilder: Kleanthous\t\t\t\t<\/div>\n\t\t\t\t\t\t<\/div>\n\t<\/div>\n\t\n\t\t\t<style type=\"text\/css\">\n\t\t\t\t\t\t\t\t\t\t\t<\/style>\n\t\t\t\n\n\n\n<h4 class=\"wp-block-heading\">Kinnpartie<\/h4>\n\n\n\n\t\t\t\n\t<style type=\"text\/css\">\n\t\t.slider-info-935.bafg-slider-info .bafg-slider-title {\n\t\t\t\t\t\t\tfont-size:\n\t\t\t\t\t22px\t\t\t\t;\n\t\t\t\n\t\t\t\n\t\t\t\t\t}\n\n\t\t.slider-info-935.bafg-slider-info .bafg-slider-description {\n\t\t\t\n\t\t\t\n\t\t\t\t\t}\n\t\t\n\t\t\n\t\t.slider-info-935.bafg-slider-info .bafg_slider_readmore_button {\n\t\t\t\n\t\t\t\n\t\t\t\n\t\t\t\n\t\t\t\n\t\t\ttext-align: center;\n\n\t\t\t\n\t\t\t\n\t\t\t\n\t\t\t\n\t\t\t\t\t}\n\n\t\t.slider-info-935.bafg-slider-info .bafg_slider_readmore_button:hover {\n\n\t\t\t\n\t\t\t\n\t\t\t\t\t}\n\t<\/style>\n\t\n\t\t\t<div class=\"bafg-twentytwenty-container slider-935  \"\n\t\t\t\tbafg-orientation=\"vertical\" bafg-default-offset=\"0.5\"\n\t\t\t\tbafg-before-label=\"Vorher\"\n\t\t\t\tbafg-after-label=\"Nachher\" bafg-overlay=\"1\"\n\t\t\t\tbafg-move-slider-on-hover=\"\"\n\t\t\t\tbafg-click-to-move=\"\">\n\n\t\t\t\t\t\t\t\t<img class=\"skip-lazy\" data-skip-lazy\t\t\t\t\tsrc=\"https:\/\/www.bellissimakosmetik.de\/wp-content\/uploads\/2024\/01\/kinnpartie-vorher.jpg\" alt=\"Vorher\">\n\t\t\t\t<img class=\"skip-lazy\" data-skip-lazy\t\t\t\t\tsrc=\"https:\/\/www.bellissimakosmetik.de\/wp-content\/uploads\/2024\/01\/kinnpartie-nachher.jpg\" alt=\"Nachher\">\n\n\t\t\t<\/div>\n\n\t\t\t\t<div class=\"bafg-slider-info-wraper\">\n\t\t<div style=\"\" class=\"slider-info-935 bafg-slider-info\">\n\t\t\t\t\t\t\t<div class=\"bafg-slider-description\">\n\t\t\t\t\tBilder: Kleanthous\t\t\t\t<\/div>\n\t\t\t\t\t\t<\/div>\n\t<\/div>\n\t\n\t\t\t<style type=\"text\/css\">\n\t\t\t\t\t\t\t\t\t\t\t<\/style>\n\t\t\t\n\n\n\n<h4 class=\"wp-block-heading\">Rosacea<\/h4>\n\n\n\n\t\t\t\n\t<style type=\"text\/css\">\n\t\t.slider-info-1125.bafg-slider-info .bafg-slider-title {\n\t\t\t\t\t\t\tfont-size:\n\t\t\t\t\t22px\t\t\t\t;\n\t\t\t\n\t\t\t\n\t\t\t\t\t}\n\n\t\t.slider-info-1125.bafg-slider-info .bafg-slider-description {\n\t\t\t\n\t\t\t\n\t\t\t\t\t}\n\t\t\n\t\t\n\t\t.slider-info-1125.bafg-slider-info .bafg_slider_readmore_button {\n\t\t\t\n\t\t\t\n\t\t\t\n\t\t\t\n\t\t\t\n\t\t\ttext-align: center;\n\n\t\t\t\n\t\t\t\n\t\t\t\n\t\t\t\n\t\t\t\t\t}\n\n\t\t.slider-info-1125.bafg-slider-info .bafg_slider_readmore_button:hover {\n\n\t\t\t\n\t\t\t\n\t\t\t\t\t}\n\t<\/style>\n\t\n\t\t\t<div class=\"bafg-twentytwenty-container slider-1125  \"\n\t\t\t\tbafg-orientation=\"horizontal\" bafg-default-offset=\"0.5\"\n\t\t\t\tbafg-before-label=\"Vorher\"\n\t\t\t\tbafg-after-label=\"Nachher\" bafg-overlay=\"1\"\n\t\t\t\tbafg-move-slider-on-hover=\"\"\n\t\t\t\tbafg-click-to-move=\"\">\n\n\t\t\t\t\t\t\t\t<img class=\"skip-lazy\" data-skip-lazy\t\t\t\t\tsrc=\"https:\/\/www.bellissimakosmetik.de\/wp-content\/uploads\/2024\/10\/vorher-01-1.jpg\" alt=\"Vorher\">\n\t\t\t\t<img class=\"skip-lazy\" data-skip-lazy\t\t\t\t\tsrc=\"https:\/\/www.bellissimakosmetik.de\/wp-content\/uploads\/2024\/10\/nachher-01-2.jpg\" alt=\"Nachher\">\n\n\t\t\t<\/div>\n\n\t\t\t\t<div class=\"bafg-slider-info-wraper\">\n\t\t<div style=\"\" class=\"slider-info-1125 bafg-slider-info\">\n\t\t\t\t\t\t\t<div class=\"bafg-slider-description\">\n\t\t\t\t\tBilder: Sonja Riedel\t\t\t\t<\/div>\n\t\t\t\t\t\t<\/div>\n\t<\/div>\n\t\n\t\t\t<style type=\"text\/css\">\n\t\t\t\t\t\t\t\t\t\t\t<\/style>\n\t\t\t\n","protected":false},"excerpt":{"rendered":"<p>Am Anfang dieser Behandlung wird eine umfangreiche Anamnese des pers\u00f6nlichen Lebensstil erstellt. Aus den hieraus gewonnenen Profil, wird f\u00fcr jede Kundin ein pers\u00f6nliches Pflegeserum mit einer angepassten Wirkstoffkombination zusammengestellt. Diese &#8230;<\/p>\n","protected":false},"author":1,"featured_media":0,"parent":522,"menu_order":0,"comment_status":"closed","ping_status":"closed","template":"","meta":{"footnotes":""},"class_list":["post-918","page","type-page","status-publish","hentry"],"_links":{"self":[{"href":"https:\/\/www.bellissimakosmetik.de\/index.php\/wp-json\/wp\/v2\/pages\/918","targetHints":{"allow":["GET"]}}],"collection":[{"href":"https:\/\/www.bellissimakosmetik.de\/index.php\/wp-json\/wp\/v2\/pages"}],"about":[{"href":"https:\/\/www.bellissimakosmetik.de\/index.php\/wp-json\/wp\/v2\/types\/page"}],"author":[{"embeddable":true,"href":"https:\/\/www.bellissimakosmetik.de\/index.php\/wp-json\/wp\/v2\/users\/1"}],"replies":[{"embeddable":true,"href":"https:\/\/www.bellissimakosmetik.de\/index.php\/wp-json\/wp\/v2\/comments?post=918"}],"version-history":[{"count":27,"href":"https:\/\/www.bellissimakosmetik.de\/index.php\/wp-json\/wp\/v2\/pages\/918\/revisions"}],"predecessor-version":[{"id":1171,"href":"https:\/\/www.bellissimakosmetik.de\/index.php\/wp-json\/wp\/v2\/pages\/918\/revisions\/1171"}],"up":[{"embeddable":true,"href":"https:\/\/www.bellissimakosmetik.de\/index.php\/wp-json\/wp\/v2\/pages\/522"}],"wp:attachment":[{"href":"https:\/\/www.bellissimakosmetik.de\/index.php\/wp-json\/wp\/v2\/media?parent=918"}],"curies":[{"name":"wp","href":"https:\/\/api.w.org\/{rel}","templated":true}]}}